297 + i. Is d a prime number?
True
Let h(k) = k**3 + 8*k**2 + 6*k - 7. Let z be h(-5). Is 4/z - 342180/(-95) composite?
True
Suppose m + 3*u = 786, -4*u = 4*m - 6*u - 3088. Let x = m + -283. Is x prime?
True
Let b = 291 - 2049. Suppose -2*x = -18 - 0. Is x/(-12) + b/(-8) composite?
True
Suppose 3*i + 2 = -4. Let n be (0 + -3 - -148) + i. Is (5 - 0) + -3 + n prime?
False
Let z(k) = 24*k**2 - 3*k + 10. Let d(j) = -6*j - 21. Let r be d(-5). Is z(r) composite?
True
Suppose 47*o - 60*o + 157937 = 0. Is o composite?
False
Let f = 26 + -24. Let g be 12/(-24)*(-8)/f. Let z(r) = 102*r**2 + r + 3. Is z(g) a composite number?
True
Suppose -4*y + 0 + 20 = 0. Suppose -y*g - 22 = -207. Is g composite?
False
Let t be 12/(-8)*(-2 + 6). Is ((-54)/4 + (-6 - -5))*t prime?
False
Is (4 - (2296 + 1))/((-13)/143) a prime number?
False
Suppose -i + 3*c + 2 = -14, -5*c - 16 = i. Suppose w - y = 2, -y + i*y + 4 = 2*w. Suppose 0 = w*t - 4*s - 252, -480 = 2*t - 6*t + 2*s. Is t a composite number?
True
Suppose -8 = 5*h + f - 58, -f - 10 = -h. Suppose -h = 10*u - 6320. Is u a composite number?
False
Let t = -10 - -11. Is ((-1424)/(-56))/(t/7) prime?
False
Let p(k) = -k**3 - 16*k**2 - 7*k + 4. Let w(f) = -f**3 - 16*f**2 - 7*f + 5. Let h(d) = -6*p(d) + 5*w(d). Is h(-15) a composite number?
True
Suppose 2*z + 171 = 5*n + 12, -n + 2*z = -35. Let x = 26 - n. Is 333 + 6 + (x - -1) a prime number?
False
Let f(a) = -336*a. Let d be f(-1). Suppose 3*q = -7 + 1, -d = -2*i + q. Let s = i - 70. Is s a prime number?
True
Suppose -2*x + 12655 = 5*o, 33*o - 5*x + 2531 = 34*o. Is o a prime number?
True
Let q be ((-3)/2)/((-12)/(-304)). Let w = q + 75. Is w a prime number?
True
Let l(d) = d**2 + 11*d - 10. Let h be l(-11). Let v = -8 - h. Suppose 573 = v*m + m. Is m a prime number?
True
Suppose 20 = 3*j - 4. Suppose -4*o + j*o = 12. Suppose o*b + 426 = u, 3*u + b = u + 817. Is u a prime number?
False
Let v(s) = -142*s + 31. Let c be v(-11). Let a = -1048 + c. Is a a composite number?
True
Suppose 46*a - 31430 - 31452 = 0. Is a a prime number?
True
Suppose 0*i - 16 = -4*i. Suppose -q = -n + 39, 2*n + 3*q - i*q = 76. Is n prime?
True
Is (-14 - -12)*1*(-5079)/2 composite?
True
Suppose -2*i = -3*i + 8. Let z be (2/(-3))/(i/(-2412)). Is (4/6)/(2/z) prime?
True
Let z = 75 - -370. Is z a prime number?
False
Is (-4 + 24/8)*(-4 + -27843) prime?
True
Let f(a) = -a**2 - 23*a - 9. Let u(g) = g**3 + 16*g**2 + 17*g + 11. Let t be u(-15). Is f(t) a composite number?
False
Suppose 13 = -o + 6. Let x = o + 66. Is x a prime number?
True
Suppose 27766 = 5*t - 17769. Is t a composite number?
True
Suppose k = -b - 2*b + 19463, 5*b + 4*k - 32443 = 0. Is b a prime number?
False
Let k(x) = -81*x + 222*x**2 + 81*x + 1. Is k(-1) composite?
False
Let k = -1560 - 4536. Is (k/32)/(6/(-4)) a composite number?
False
Suppose -42 = -d + 3*q, 0 = -4*d + q - 32 + 145. Let b = d + -16. Is (-12)/(-66) + 4145/b prime?
False
Let i = 26565 + -11458. Is i a composite number?
False
Let p = -1929 + 9207. Suppose -4*d + d = -p. Is d composite?
True
Suppose 0 = -0*f - f + 3*o - 14, -3*o + 24 = -3*f. Let w(s) = 20*s**2 + 7*s - 2. Is w(f) composite?
False
Let w(c) = -4 - c - 4*c**2 - 4*c + 22*c**2. Let z be w(-3). Let u = z - 24. Is u a composite number?
False
Suppose 0*c - 1683 = -3*c. Let g = 884 - c. Is g prime?
False
Let i(y) = -y**3 + 4*y**2 + y. Let n be i(0). Suppose -6*q + 14*q - 1624 = n. Is q a prime number?
False
Is (-382046)/(-182) + (-6)/39 prime?
True
Let y be (-6)/(-9) + 3092/6. Let h = y - 259. Suppose -5*z = -z + r - 342, -3*z - r = -h. Is z a prime number?
False
Let b be -300*(17/(-5) - -1). Suppose -264 = -2*z + b. Let c = z - -131. Is c composite?
True
Let k = 2036 + 1587. Is k prime?
True
Let b be 1 + 1 - (-3 - -3). Suppose 0 = -5*v - 5*l + 1390, -b*v = 2*v - 3*l - 1126. Let o = v + -123. Is o a prime number?
True
Let t = 3407 + -870. Let r = t + -1794. Is r a composite number?
False
Let u(x) = -3*x - 2. Let i be u(-2). Suppose -2193 = -2*a + w, w = -5*a - i*w + 5490. Is a a prime number?
True
Suppose -2*f + 3*k = -62 - 5, f - 4*k = 21. Suppose 0 = n - f - 198. Is n a composite number?
False
Suppose -5*g + 39035 = -2*i, 0 = 4*g + 2*i + i - 31228. Is g prime?
False
Let w(p) = -166*p**2 - 2*p - 8. Let g(b) = -1. Let a(o) = 6*g(o) - w(o). Is a(-1) a composite number?
True
Let l = -11515 + 29616. Is l a prime number?
False
Suppose 200*n = 222*n - 1233826. Is n a composite number?
True
Let c be (-18)/3*2/4. Let a be c/(-9)*0/(-1). Suppose 631 = n - a*n. Is n a composite number?
False
Suppose -4*m + 4 + 4 = 0, 2*i + 2*m = 8246. Suppose -6644 = -5*s + i. Is s a prime number?
True
Let f = 44 - 42. Is 2 + 0 + f + (2581 - 4) prime?
False
Let r(v) = 86*v + 5. Suppose 8 = 3*h - h + 5*z, -h + 4 = -4*z. Let x be r(h). Let w = 550 - x. Is w composite?
True
Let w be (3/3 - -1)*1. Let z(t) = -2 - 14*t - 5*t + 6 - w*t. Is z(-3) a prime number?
True
Let x = -1572 - -3115. Is x a prime number?
True
Let z be (-72553)/(-15) + (-24)/(-180). Suppose v - z = -6*v. Is v a prime number?
True
Let v(w) = -100*w - 21. Let c be v(-4). Suppose 3*m - 2770 = -c. Is m a prime number?
True
Let c = -30 - -17. Let d be (1/(-2))/(c/104). Let j(o) = o**3 - o**2 - 6*o - 2. Is j(d) a composite number?
True
Let l(f) = -40*f**3 + 2*f**2 + 5*f + 4. Let d(s) = -41*s**3 + 2*s**2 + 6*s + 5. Let v(k) = -5*d(k) + 6*l(k). Let c be v(1). Let t = c + 55. Is t prime?
False
Suppose 0 = 13*x - 4462 - 8681. Let a = 1582 - x. Is a a composite number?
False
Suppose -l = 13*o - 15*o - 501, 5*o + 1502 = 3*l. Is l prime?
True
Is ((-21)/12)/7 + 48058/8 composite?
False
Let i = 1 + 38. Let z be (4 - 88/12)*72/(-15). Let q = z + i. Is q prime?
False
Let b = 7639 + -4041. Suppose -5*g + n + 0*n + b = 0, 15 = -5*n. Is g composite?
False
Let y = 11 - 8. Suppose 0 = 2*c - c - y. Suppose c*r = -2*r - 25, -r = 5*k - 1170. Is k prime?
False
Let s = -2 + 7. Suppose 542 = s*j - 743. Is j a prime number?
True
Suppose -5*g + 3*i = -19156, 3*g - 6*i + 8*i = 11505. Is g composite?
False
Suppose 9626 + 8569 = 3*c. Is c a prime number?
False
Is 83096/39 - 10/6 a composite number?
False
Let k be 220/33*3*262. Suppose -k - 3008 = -8*g. Is g a prime number?
True
Suppose -86226 = -31*q - 11*q. Is q a prime number?
True
Let t(a) = -96*a - 17. Suppose 2*g + n - 63 = -4*n, 0 = 5*g + 4*n - 115. Suppose -l = 5*s + 12, 3*s + g = -2*l - 2*s. Is t(l) a composite number?
True
Is (60/18)/(5/(76185/6)) composite?
True
Let i(y) = -4*y + 3376. Let k be i(0). Suppose 4*p + 4*f - k = 0, -f - 2*f - 3341 = -4*p. Is p a prime number?
True
Let b = 11745 + -7954. Is b a composite number?
True
Suppose -4*v + 443 = -v + 4*x, 5*x + 5 = 0. Is v a prime number?
True
Suppose 17*y - 3512 - 27717 = 0. Is y composite?
True
Let l(h) = 68*h + 45. Is l(13) prime?
True
Let f(l) = 2*l**2 + 7. Let x(i) = -3*i**2 + i - 8. Let d(q) = 4*f(q) + 3*x(q). Let z be d(5). Is (-1626)/(-8) - z/(-24) prime?
False
Let j(w) = -59*w + 35. Let u be j(21). Let a = -417 - u. Is a a prime number?
True
Suppose 2*s + 0*s = 8. Suppose s*n = -n. Suppose -190 = -n*d - 2*d. Is d a prime number?
False
Let o = -851 + 3790. Is o a prime number?
True
Is 27452*((-9)/(-3) + 11/(-4)) prime?
True
Is (7 + 13937/(-14))*-2 a prime number?
False
Let u = -3 - 3. Let v = u - -18. Let x(n) = n**2 + 7*n - 17. Is x(v) composite?
False
Suppose 6 = -5*r + 36. Suppose -297 = r*k - 957. Suppose -81 = -j + k. Is j composite?
False
Let p(d) = -68*d + 3. Let f = 25 - 25. Suppose 2*c + 21 = -c + 3*h, f = 2*h. Is p(c) prime?
True
Let v(n) = -3*n**3 - 2*n**2 + n + 7. Let j(i) = -i**2 + 6*i - 3. Let a be j(6). Is v(a) prime?
True
Suppose -4*n + 4*k = 3*k - 2115, 2648 = 5*n + 3*k. Suppose 4*y = -2*u + 350, -2*u + n = u + 2*y. Suppose 2*i - 663 - u = -2*m, -4*m = -4. Is i a prime number?
True
Let l be 111/(-4)*(3 - 7). Let k = 284 + l. Is k prime?
False
Let y(w) = 38*w**3 - 9*w**2 - 6*w - 7. Is y(6) a composite number?
False
Let w(o) = -o - 3. Let r be w(-3). Suppose q - 4 - 2 = r. Suppose 39 = -3*v + q*v. Is v a prime number?
True
Suppose 0 = -26*p + 1737 + 3489. Is p prime?
False
Let v(p) be the second derivative of -p**5/20 + p**4 + 17*p**3/6 + p**2 - 11*p. Let g = -12 + 24. Is v(g) composite?
True
Let b(k) = -k**2 - 17*k + 5. Let w(z) = -2*z + 2 - 7*z**2 - 2 + 1. Let l be w(1)